{"id":825,"date":"2024-01-12T11:14:13","date_gmt":"2024-01-12T11:14:13","guid":{"rendered":"https:\/\/julysilk.fr\/?post_type=product&#038;p=825"},"modified":"2024-03-26T19:33:48","modified_gmt":"2024-03-26T19:33:48","slug":"taie-doreiller-en-soie","status":"publish","type":"product","link":"https:\/\/julysilk.fr\/index.php\/product\/taie-doreiller-en-soie\/","title":{"rendered":"Taie d&#8217;oreiller en soie"},"content":{"rendered":"<p>Taie d&#8217;oreiller en soie<\/p>\n<p>\u2714\ufe0f Certification internationale, aucun produit chimique ajout\u00e9<\/p>\n<p>\u2714\ufe0f Effet anti-vieillissement: pr\u00e9vention des rides et de la chute des cheveux<\/p>\n<p>\u2714\ufe0f Certifi\u00e9 OEKO TEX sans produits chimiques nocifs<\/p>\n<p>\u2714\ufe0f Emballage \u00e9cologique<\/p>\n<p>\u2714\ufe0f Le tissu en soie utilis\u00e9 est conforme aux normes les plus \u00e9lev\u00e9es de l\u2019industrie textile.<\/p>\n<p>\u2714\ufe0f Une gamme compl\u00e8te de certificats (OEkO TEX standard100_SGS_Intertek)<\/p>\n<p>\u2714\ufe0f Soie biologique Sans m\u00e9taux lourds (sans phtalates, sans colorants, sans pesticides, sans formald\u00e9hyde, sans ph\u00e9nols chlor\u00e9s)<\/p>\n","protected":false},"excerpt":{"rendered":"<div class=\"elementor-element elementor-element-98d0e87 e-flex e-con-boxed e-con e-parent\" data-id=\"98d0e87\" data-element_type=\"container\" data-settings=\"{&quot;background_background&quot;:&quot;classic&quot;,&quot;content_width&quot;:&quot;boxed&quot;}\" data-core-v316-plus=\"true\">\n<div class=\"e-con-inner\">\n<div class=\"elementor-element elementor-element-0e97da3 elementor-widget elementor-widget-heading\" data-id=\"0e97da3\" data-element_type=\"widget\" data-widget_type=\"heading.default\">\n<div class=\"elementor-widget-container\">\n<h5 class=\"elementor-heading-title elementor-size-default\">Disponible en 5 couleurs<\/h5>\n<\/div>\n<\/div>\n<\/div>\n<\/div>\n<p><img decoding=\"async\" class=\"size-full wp-image-567 alignleft\" src=\"http:\/\/julysilk.fr\/wp-content\/uploads\/2024\/01\/10Argent.png\" alt=\"\" width=\"120\" height=\"120\" srcset=\"https:\/\/julysilk.fr\/wp-content\/uploads\/2024\/01\/10Argent.png 120w, https:\/\/julysilk.fr\/wp-content\/uploads\/2024\/01\/10Argent-100x100.png 100w\" sizes=\"(max-width: 120px) 100vw, 120px\" \/><img decoding=\"async\" class=\"size-full wp-image-566 alignleft\" src=\"http:\/\/julysilk.fr\/wp-content\/uploads\/2024\/01\/09Bleu.png\" alt=\"\" width=\"120\" height=\"120\" data-wp-editing=\"1\" srcset=\"https:\/\/julysilk.fr\/wp-content\/uploads\/2024\/01\/09Bleu.png 120w, https:\/\/julysilk.fr\/wp-content\/uploads\/2024\/01\/09Bleu-100x100.png 100w\" sizes=\"(max-width: 120px) 100vw, 120px\" \/>\u00a0<img decoding=\"async\" class=\"size-full wp-image-568 alignleft\" src=\"http:\/\/julysilk.fr\/wp-content\/uploads\/2024\/01\/15Champagne.png\" alt=\"\" width=\"120\" height=\"120\" srcset=\"https:\/\/julysilk.fr\/wp-content\/uploads\/2024\/01\/15Champagne.png 120w, https:\/\/julysilk.fr\/wp-content\/uploads\/2024\/01\/15Champagne-100x100.png 100w\" sizes=\"(max-width: 120px) 100vw, 120px\" \/> \u00a0\u00a0<img loading=\"lazy\" decoding=\"async\" class=\"size-full wp-image-565 alignleft\" src=\"http:\/\/julysilk.fr\/wp-content\/uploads\/2024\/01\/04Ivoire.png\" alt=\"\" width=\"120\" height=\"120\" srcset=\"https:\/\/julysilk.fr\/wp-content\/uploads\/2024\/01\/04Ivoire.png 120w, https:\/\/julysilk.fr\/wp-content\/uploads\/2024\/01\/04Ivoire-100x100.png 100w\" sizes=\"(max-width: 120px) 100vw, 120px\" \/><img loading=\"lazy\" decoding=\"async\" class=\"size-full wp-image-569 alignleft\" src=\"http:\/\/julysilk.fr\/wp-content\/uploads\/2024\/01\/20Rose.png\" alt=\"\" width=\"120\" height=\"120\" srcset=\"https:\/\/julysilk.fr\/wp-content\/uploads\/2024\/01\/20Rose.png 120w, https:\/\/julysilk.fr\/wp-content\/uploads\/2024\/01\/20Rose-100x100.png 100w\" sizes=\"(max-width: 120px) 100vw, 120px\" \/><\/p>\n","protected":false},"featured_media":1145,"comment_status":"open","ping_status":"closed","template":"","meta":{"_seopress_robots_primary_cat":"","_seopress_titles_title":"","_seopress_titles_desc":"","_seopress_robots_index":"","_seopress_analysis_target_kw":"","_monsterinsights_skip_tracking":false,"_monsterinsights_sitenote_active":false,"_monsterinsights_sitenote_note":"","_monsterinsights_sitenote_category":0},"product_brand":[],"product_cat":[15],"product_tag":[],"class_list":{"0":"post-825","1":"product","2":"type-product","3":"status-publish","4":"has-post-thumbnail","6":"product_cat-taies-doreiller-en-soie","8":"first","9":"instock","10":"featured","11":"shipping-taxable","12":"purchasable","13":"product-type-variable"},"jetpack_sharing_enabled":true,"_links":{"self":[{"href":"https:\/\/julysilk.fr\/index.php\/wp-json\/wp\/v2\/product\/825","targetHints":{"allow":["GET"]}}],"collection":[{"href":"https:\/\/julysilk.fr\/index.php\/wp-json\/wp\/v2\/product"}],"about":[{"href":"https:\/\/julysilk.fr\/index.php\/wp-json\/wp\/v2\/types\/product"}],"replies":[{"embeddable":true,"href":"https:\/\/julysilk.fr\/index.php\/wp-json\/wp\/v2\/comments?post=825"}],"wp:featuredmedia":[{"embeddable":true,"href":"https:\/\/julysilk.fr\/index.php\/wp-json\/wp\/v2\/media\/1145"}],"wp:attachment":[{"href":"https:\/\/julysilk.fr\/index.php\/wp-json\/wp\/v2\/media?parent=825"}],"wp:term":[{"taxonomy":"product_brand","embeddable":true,"href":"https:\/\/julysilk.fr\/index.php\/wp-json\/wp\/v2\/product_brand?post=825"},{"taxonomy":"product_cat","embeddable":true,"href":"https:\/\/julysilk.fr\/index.php\/wp-json\/wp\/v2\/product_cat?post=825"},{"taxonomy":"product_tag","embeddable":true,"href":"https:\/\/julysilk.fr\/index.php\/wp-json\/wp\/v2\/product_tag?post=825"}],"curies":[{"name":"wp","href":"https:\/\/api.w.org\/{rel}","templated":true}]}}